1336 + k**3 + 678. Calculate g(9).
-26
Let b(v) = 2*v**2 + v. Let z(m) = -5*m**2 + 5*m + 13. Let c(w) = -3*b(w) - z(w). Give c(-9).
-22
Let c(o) = 4*o**2 + 46*o + 13. Let z be -46*11/44 - (16/4)/(-8). Calculate c(z).
-9
Let q(i) = i + 11. Suppose -5*x - 47 = 4*d, 6*x = x - 35. Determine q(d).
8
Let g = -338 - -340. Suppose g*d + 4*j - 16 = 8*j, -4*d = 4*j - 20. Let t(i) = -i**2 + 7*i - 6. What is t(d)?
0
Let c be ((6075/60)/27)/(3/8). Let t(j) = c*j + 1 - 53*j + 23*j + 17*j. Determine t(3).
-8
Let o(f) be the first derivative of -f**4/2 - 13*f**3/3 - 3*f**2 - 4*f + 467. What is o(-6)?
-4
Let v(s) = 9*s**3 - 2*s**2 - 9*s - 8. Let k be 315/35 + 2 + -12. Determine v(k).
-10
Let t(r) = -r**3 - 11*r**2 + 3*r - 10. Let c(y) = -2*y**2 - 79*y - 790. Let f be c(-19). Give t(f).
-43
Let g(t) = 25*t**2 + 8*t - 16. Let p be g(3). Let c = p + -234. Let s(a) = -11*a**3 + 2*a + 1. Give s(c).
10
Let m(s) = -5*s**2 - 10*s + 4. Let p(d) = d**2 + d + 1. Let o(c) = -m(c) - 4*p(c). Let u = 64 + 30. Suppose -u*r + 18 = -97*r. Calculate o(r).
-8
Let w be 6/4*(-8)/(-12). Suppose 4*q + w = 2*c + 15, 2*q + 5*c = 13. Let u(y) = y**3 - 6*y**2 + 6*y - 3. What is u(q)?
-11
Let p(y) = -2*y**3 + 5*y**2 - 5*y - 6. Let u(n) = 6*n**3 - 17*n**2 + 13*n + 13. Let l(x) = -5*p(x) - 2*u(x). Calculate l(4).
16
Let j(w) = -29*w - 17*w**2 - w**3 - 559 + 287 + 280. Determine j(-15).
-7
Suppose -q - 4*v = 14, -5*v - 15 = -2*v. Let z(g) be the second derivative of g**5/20 - 5*g**4/12 - 5*g**3/6 - g**2 - 70*g. What is z(q)?
4
Let u(c) = -4*c**3 - 5*c - 8 + 2 + 7*c**2 + 3*c**3. Let x = 38528 - 38522. Calculate u(x).
0
Let h(q) = 0 + 5 + 0 + 4*q. Suppose 22 = -5*m - s, 3*m = 7*m + 5*s + 26. Let x be (-6)/21 + m/(-14) + -5. Give h(x).
-15
Let o(x) = -x + 4. Let a be o(11). Suppose 0 = 4*i + 10*i. Let t(b) = i*b + 12 + 0 - 6 + b. Give t(a).
-1
Let x be (-2 + -1 - -2)*36/(-3). Let b(r) = -r + 6 + 5 - x. Let j(q) = 3*q**3 + 22*q**2 + 8*q + 8. Let z be j(-7). What is b(z)?
-2
Let k(v) = 19*v + 26*v**2 + 23*v**2 - 137*v**2 + 61*v**2 + v**3 + 12*v**2. What is k(14)?
70
Let p(d) be the second derivative of d**4/12 + 7*d**3/6 - 9*d**2/2 + 57*d - 2. What is p(-6)?
-15
Let b(n) = -2*n - 4. Let q be b(-5). Let v(a) = -14*a - 47. Let s be (5 + 0)/(45/54). Let u(k) = -5*k - 16. Let x(y) = s*v(y) - 17*u(y). Determine x(q).
-4
Let z(b) be the third derivative of -19*b**4/24 - 73*b**3/6 + 4*b**2 - 115. What is z(-4)?
3
Let p(i) = -5 + 31*i + 3 - 28*i - 3. Let o(z) = -4*z + 7. Let t(q) = 4*o(q) + 5*p(q). Determine t(-2).
5
Suppose -23*q + 5*q = 108. Let y(f) = -f**3 - f**2 + 3*f + 7. Let i(z) = z**3 + 2*z**2 - 2*z - 6. Let g(m) = 6*i(m) + 5*y(m). Give g(q).
17
Let i(n) = -66*n + 1262. Let a be i(19). Let q(u) = -u + 10. Calculate q(a).
2
Let b = 161 - 133. Suppose b*u - 29*u = 2. Let s(j) = j + 2. Let k(y) = 4*y + 5. Let l(w) = 3*k(w) - 8*s(w). Determine l(u).
-9
Suppose -3*r - 12 = -k, -15*k = -11*k - 2*r - 18. Let i(l) = 7*l**2 + 2*l**2 + k*l**2 + 5*l - 20*l**2 - 6 + 6*l**2. Suppose g = 3 + 1. Determine i(g).
-18
Let i(j) be the third derivative of -5/24*j**4 + 1/12*j**5 + 0*j - 1/120*j**6 - 90*j**2 + 0*j**3 + 0. Determine i(4).
-4
Let q(t) = 3*t**3 + 19*t**2 + 2*t - 19. Let n(u) = -u**3 + 59*u**2 - 54*u - 238. Let l be n(58). Determine q(l).
5
Let x(j) = j**2 + 752*j - 4545. Let t be x(6). Let g(u) be the second derivative of 0 - 33*u + 1/2*u**2 + 1/20*u**5 + 7/12*u**4 + 1/3*u**t. What is g(-7)?
-13
Let t(q) = -1096*q - 3. Let g be t(0). Let m(y) = -20*y - 39. Determine m(g).
21
Let v(p) be the first derivative of p**2/2 + 51*p - 2121. Determine v(-12).
39
Let c(r) be the second derivative of -7*r**3/6 - r**2 - 3*r + 846. Suppose 3*y - 6*y = 3. Give c(y).
5
Let m(l) = -2*l**3 + 12*l**2 + 14*l - 15. Let q(s) = 3*s**3 - 18*s**2 - 21*s + 23. Let f(x) = 8*m(x) + 5*q(x). Let a be 18 + 13 - (-22 - -46). Determine f(a).
-5
Suppose 4*l = -4*o - 32, -l + 2*o - 4*o - 12 = 0. Let r(y) = -2*y**2 - 10*y - 6. Let t be r(l). Let a(q) = -2 + t*q + 50*q**2 - 5*q - 49*q**2. What is a(4)?
2
Let y be 0 + 0/((-8)/(-16) + (-6)/4). Let f(n) = -2*n + 59. Calculate f(y).
59
Let o(j) = 3*j**2 - 10*j. Let f(l) = -5*l**2 + 20*l + 1. Let n(q) = 4*f(q) + 7*o(q). Let y(v) = -106*v - 329. Let k be y(-3). Determine n(k).
15
Let n(k) = -64*k**2 + 23*k**2 + 16*k**2 + 9 + 24*k**2 + 1 + 4*k. What is n(6)?
-2
Suppose -5*w - 3*j - 6 = 0, -4*w + j = -2*j - 6. Let h(y) = y + 67. Calculate h(w).
67
Let t = -1613 - -1609. Let r(g) = -2*g**2 - 9*g - 2. What is r(t)?
2
Let w = -558 + 550. Let l(k) be the second derivative of k**5/20 + 3*k**4/4 + 4*k**3/3 - 3*k**2/2 + 75*k. Determine l(w).
-3
Let m(p) = p**3 - 5*p**2 - 15*p + 45. Let l(s) = -s**3 - 17*s**2 - 16*s + 6. Let u be l(-16). What is m(u)?
-9
Let k(b) be the second derivative of 1/6*b**3 + 56*b - 31/2*b**2 + 0. Determine k(0).
-31
Let p(v) = -v + 13*v**2 - 21 + 0*v - 8*v + 10 + 17*v. What is p(2)?
57
Let z = -28 + 29. Let w(f) = -84*f + 99. Let b(x) = 29*x - 35. Let i(q) = 17*b(q) + 6*w(q). What is i(z)?
-12
Let m(b) be the first derivative of b**2 - 13*b - 9419. Let f = 5 - 1. What is m(f)?
-5
Let l(h) be the second derivative of h**5/10 - 13*h**4/12 + h**3/6 + 2*h**2 + 586*h. Determine l(6).
-26
Let m = 99 - 58. Let d = 43 - m. Let l(i) = 49*i**2 - 4 - 48*i**d - 6*i + 3. Give l(6).
-1
Let w(l) be the third derivative of 3/20*l**5 + 0 - 258*l**2 + 1/2*l**3 - 1/3*l**4 + 1/120*l**6 + 0*l. Give w(-10).
-17
Let x(p) = -p - p + 0*p - p**2 - 1. Let w = 1683 - 1684. Determine x(w).
0
Suppose 0 = -2*b - 10, 0 = 3*d + 2*b - 7*b - 7. Let u(q) be the third derivative of -1/4*q**4 + 0*q - 13*q**2 + 0 + 1/2*q**3 - 1/60*q**5. Calculate u(d).
3
Let s(m) = -15*m**2 - 11*m**3 - 11*m**3 - 4*m**3 - 17 + 20*m**2 + 27*m**3. Calculate s(-4).
-1
Let b(l) = 2*l**2 - 6*l + 6. Suppose 0 = -5*x - 3*r + 20, 2*x + 6*r - 11*r - 39 = 0. Suppose 3*j = x*w - 2*w - 27, -2*w + j = -10. Give b(w).
6
Let r = 164 - 165. Let w(f) = 12*f**2 + 7*f + 9. Let x(n) = -17*n**2 - 11*n - 14. Let m(u) = -8*w(u) - 5*x(u). Determine m(r).
-12
Let f = 3 + -2. Let s(v) = -38*v**2 + 14*v + 42. Let c(l) = 8*l**2 - 3*l - 9. Let u(b) = 14*c(b) + 3*s(b). Give u(f).
-2
Let r(w) = w**3 - 10*w**2 - w + 7. Let z be ((-1288)/(-40))/7*10. Let v = 56 - z. What is r(v)?
-3
Let p(i) = 11*i + 63. Let o(x) = -8*x**2 + 2*x - 5. Let q be o(0). Calculate p(q).
8
Let j(q) = -2*q**3 - 8*q**2 + 11*q + 13. Suppose 70*s - 71*s = 2*n + 3, 0 = -4*s + 5*n + 1. Let r(u) = -u**3 + u. Let i(w) = s*r(w) + j(w). Give i(-9).
4
Let o(q) = 6*q + 1. Suppose 255*x - 3773 = 248*x. Let p = x - 540. What is o(p)?
-5
Let a(d) = -d**3 + 12*d**2 + 12*d + 8. Let m be 5 + (-5584)/(-20) - 6/30. Suppose m + 67 = 27*f. Determine a(f).
-5
Let o(w) = w**3 - 19*w**2 - 15*w + 17. Let r(m) = -5*m**3 + 95*m**2 + 85*m - 84. Let f(n) = 16*o(n) + 3*r(n). Determine f(18).
-34
Let s = 674 - 672. Let b(w) = -151 + 314 - 161 + w**3 - 2*w**s + 2*w. Determine b(-2).
-18
Let k(w) = -4*w**3 + 19*w**2 + 14*w - 23. Let a(j) = 5*j**3 - 23*j**2 - 17*j + 22. Let u(d) = 5*a(d) + 6*k(d). Suppose z = 3*z. Give u(z).
-28
Suppose -5*x - 124 = 56. Let f be (-16)/6*x/16. Let b(i) = -i + 20. Let p(a) = 3*a - 59. Let d(k) = f*p(k) + 17*b(k). Give d(0).
-14
Let w(q) = 350*q**2 - 1 - q + 0*q - 171*q**2 - 7*q**3 - 174*q**2. Determine w(2).
-39
Suppose -7*v = 2*s + v - 66, -18 = -4*s + 3*v. Let f(r) = 2*r**2 - 13*r - 45. What is f(s)?
0
Let a(p) be the first derivative of -p**6/360 + 3*p**5/20 + 11*p**4/12 + 3*p**3 - 238. Let c(k) be the third derivative of a(k). What is c(19)?
3
Let c(r) = r**3 + 12*r**2 + 2. Let y = 1890 + -1902. What is c(y)?
2
Suppose 352*v - 353*v + 3*u + 6 = 0, 0 = 4*v + u - 24. Let m(x) = -x**2 + 2*x + 14. Determine m(v).
-10
Let r(s) = -335 - 359 - s**2 - 18*s + 650. Give r(-15).
1
Let y(p) = p**2 + 5*p - 13. Let v be y(-7). Suppose 50 = -4*l + 6*l. Let m(h) = 1 - 26*h + l*h + 2 + v. What is m(2)?
2
Let x be 2/(-6) - 7/(-3). Let i(z) = -4*z - x*z + z + z**2 - 8. Let v(s) = s**3 - 146*s**2 - 594*s - 894. Let n be v(150). Calculate i(n).
-2
Let z = -992 + 996. Let a(k) be the second derivative of 7*k**4/24 - k**3 - k**2 - 2*k. Let j(f) be the first derivative of a(f). Determine j(z).
22
Suppose 43*z - 120*z + 57*z - 100 = 0. Let y(m) = m**3 + 5*m**2 - m + 12. Determine y(z).
17
Let t(c) = c**2 - 4*